?
True
Is 1771 a multiple of 77?
True
Is 33 a factor of 19476?
False
Is 7 a factor of 2734?
False
Does 107 divide 26001?
True
Does 7 divide 420?
True
Is 15 a factor of 1440?
True
Is 1240 a multiple of 124?
True
Is 36 a factor of 2592?
True
Is 4125 a multiple of 75?
True
Is 75400 a multiple of 290?
True
Is 7 a factor of 350?
True
Is 915 a multiple of 15?
True
Is 742 a multiple of 147?
False
Is 2664 a multiple of 36?
True
Is 23 a factor of 9246?
True
Does 16 divide 698?
False
Is 11 a factor of 121?
True
Is 3 a factor of 1051?
False
Does 13 divide 7124?
True
Is 27 a factor of 369?
False
Is 370 a multiple of 6?
False
Is 35 a factor of 75?
False
Is 226 even?
True
Is 22590 a multiple of 13?
False
Is 1729 a multiple of 59?
False
Is 164 a factor of 15512?
False
Is 2 a factor of 173?
False
Is 30 a factor of 1530?
True
Is 3501 a multiple of 87?
False
Does 63 divide 945?
True
Is 3456 a multiple of 8?
True
Is 129 a multiple of 7?
False
Is 17072 a multiple of 75?
False
Is 34 a factor of 68?
True
Is 56 a factor of 168?
True
Is 8 a factor of 64?
True
Is 412 a multiple of 15?
False
Is 6120 a multiple of 60?
True
Does 115 divide 36245?
False
Is 250 a multiple of 8?
False
Does 33 divide 5346?
True
Is 906 a multiple of 9?
False
Is 189 a factor of 67851?
True
Is 26 a factor of 403?
False
Is 129 a factor of 18722?
False
Is 1069 a multiple of 17?
False
Is 10 a factor of 510?
True
Is 11044 a multiple of 251?
True
Is 179 a multiple of 17?
False
Does 23 divide 552?
True
Is 33 even?
False
Does 4 divide 412?
True
Is 31 a factor of 1486?
False
Is 2 a factor of 85?
False
Is 6894 a multiple of 36?
False
Does 13 divide 7200?
False
Is 30580 a multiple of 139?
True
Is 20 a factor of 1968?
False
Is 5566 a multiple of 121?
True
Is 112 a factor of 10976?
True
Does 15 divide 165?
True
Does 44 divide 2156?
True
Is 29915 a multiple of 31?
True
Does 8 divide 232?
True
Does 17 divide 425?
True
Is 152 a multiple of 2?
True
Is 269 a factor of 133035?
False
Does 32 divide 790?
False
Is 11 a factor of 64?
False
Is 8 a factor of 28832?
True
Does 7 divide 140?
True
Is 19 a factor of 853?
False
Does 15 divide 165?
True
Is 4610 a multiple of 52?
False
Is 20 a factor of 469?
False
Is 46395 a multiple of 15?
True
Is 2 a factor of 574?
True
Is 7126 a multiple of 14?
True
Is 10214 even?
True
Is 25 a factor of 1275?
True
Does 11 divide 8741?
False
Is 14 a factor of 3738?
True
Does 13 divide 3798?
False
Is 2 a factor of 7130?
True
Is 13 a factor of 194?
False
Is 75 a factor of 12000?
True
Does 58 divide 1102?
True
Is 3690 a multiple of 3?
True
Does 40 divide 1360?
True
Is 187 a factor of 84045?
False
Is 46 a factor of 167?
False
Is 22958 a multiple of 87?
False
Is 472 a multiple of 11?
False
Is 2376 a multiple of 54?
True
Is 6 a factor of 348?
True
Is 42 a factor of 21415?
False
Is 1006 a multiple of 5?
False
Is 25 a factor of 51972?
False
Is 3552 a multiple of 67?
False
Does 9 divide 5267?
False
Is 2 a factor of 3013?
False
Does 25 divide 24575?
True
Does 5 divide 5660?
True
Is 7840 a multiple of 35?
True
Is 98 a multiple of 50?
False
Does 17 divide 1071?
True
Is 4429 a multiple of 103?
True
Is 62759 a multiple of 87?
False
Is 34799 a multiple of 34?
False
Is 19 a factor of 13756?
True
Is 901 a multiple of 17?
True
Is 318 a multiple of 53?
True
Is 12388 a multiple of 24?
False
Does 139 divide 2066?
False
Is 27 a factor of 2781?
True
Does 18 divide 31608?
True
Is 14743 a multiple of 48?
False
Is 38832 a multiple of 24?
True
Does 10 divide 74260?
True
Is 4402 a multiple of 62?
True
Is 26 a factor of 4550?
True
Is 11658 a multiple of 29?
True
Is 6416 a multiple of 8?
True
Is 4 a factor of 641?
False
Does 37 divide 57?
False
Does 44 divide 917?
False
Is 987 a multiple of 58?
False
Is 15098 a multiple of 11?
False
Does 22 divide 54?
False
Is 17350 a multiple of 7?
False
Is 2250 a multiple of 45?
True
Is 16 a factor of 489?
False
Is 18 a factor of 26860?
False
Does 59 divide 8850?
True
Is 93 a factor of 19339?
False
Is 12601 a multiple of 34?
False
Does 133 divide 3375?
False
Is 26 a factor of 7767?
False
Does 25 divide 7675?
True
Does 22 divide 45056?
True
Does 44 divide 44?
True
Is 104140 a multiple of 508?
True
Does 20 divide 6133?
False
Does 7 divide 101?
False
Is 18 a factor of 4734?
True
Does 34 divide 285?
False
Is 12 a factor of 3601?
False
Is 2714 a multiple of 118?
True
Is 55 a factor of 6927?
False
Does 8 divide 5924?
False
Is 2 a factor of 100?
True
Is 56 a factor of 686?
False
Is 6 a factor of 169?
False
Is 3729 even?
False
Does 135 divide 28215?
True
Is 18906 a multiple of 138?
True
Does 12 divide 1476?
True
Does 4 divide 136?
True
Is 225 a multiple of 29?
False
Does 13 divide 218?
False
Is 8415 a multiple of 45?
True
Is 30 a factor of 20833?
False
Is 6150 a multiple of 30?
True
Is 570 a multiple of 3?
True
Is 895 a multiple of 37?
False
Is 38 a factor of 40873?
False
Does 8 divide 556?
False
Is 1944 a multiple of 6?
True
Is 348 a multiple of 9?
False
Does 3 divide 12802?
False
Does 51 divide 33048?
True
Is 658 a multiple of 94?
True
Is 118 a multiple of 42?
False
Is 39 a factor of 264?
False
Is 6 a factor of 337?
False
Is 50794 a multiple of 69?
False
Does 8 divide 464?
True
Is 71 a factor of 2667?
False
Is 55104 a multiple of 21?
True
Is 32159 a multiple of 245?
False
Is 4608 a multiple of 36?
True
Does 12 divide 972?
True
Is 5885 even?
False
Is 4484 a multiple of 38?
True
Is 293 a factor of 11720?
True
Is 10 a factor of 2360?
True
Does 58 divide 2436?
True
Does 34 divide 4456?
False
Is 4 a factor of 4898?
False
Does 44 divide 4005?
False
Is 11 a factor of 615?
False
Is 16 a factor of 8928?
True
Is 17235 a multiple of 37?
False
Does 44 divide 1145?
False
Is 252 a multiple of 7?
True
Is 176 a factor of 10543?
False
Does 7 divide 1827?
True
Is 4 a factor of 7480?
True
Does 4 divide 2660?
True
Is 1438 a multiple of 16?
False
Does 9 divide 4176?
True
Does 24 divide 765?
False
Is 1375 a multiple of 5?
True
Is 601 a multiple of 4?
False
Is 287 a multiple of 13?
False
Is 3822 a multiple of 91?
True
Is 14518 a multiple of 17?
True
Does 166 divide 73372?
True
Is 10 a factor of 300?
True
Is 350 a factor of 94150?
True
Is 1104 a multiple of 57?
False
Is 34 a factor of 8092?
True
Is 574 a multiple of 10?
False
Is 5 a factor of 195?
True
Is 970 a multiple of 5?
True
Is 550 a multiple of 22?
True
Is 21 a factor of 13374?
False
Does 11 divide 21455?
False
Is 57 a factor of 12084?
True
Is 300 a multiple of 7?
False
Does 13 divide 2522?
True
Is 2028 a multiple of 146?
False
Is 21 a factor of 7649?
False
Is 43 a factor of 65317?
True
Is 42 a factor of 581?
False
Is 109 a factor of 15478?
True
Does 67 divide 9112?
True
Is 103 a factor of 2229?
False
Does 8 divide 1968?
True
Is 2123 a multiple of 19?
False
Is 11 a factor of 25865?
False
Is 9 a factor of 216?
True
Is 727 even?
False
Does 13 divide 1168?
False
Is 228 a multiple of 9?
False
Is 23 a factor of 1229?
False
Is 4 a factor of 548?
True
Is 4310 a multiple of 43?
False
Does 39 divide 1989?
True
Is 3 a factor of 2469?
True
Is 76 a factor of 11203?
False
Does 23 divide 22215?
False
Is 3627 a multiple of 31?
True
Does 20 divide 220?
True
Is 11 a factor of 55?
True
Is 1371 a multiple of 2?
False
Is 32 a factor of 163?
False
Is 4 a factor of 912?
True
Does 11 divide 365?
False
Is 244 a multiple of 61?
True
Is 3 a factor of 10080?
True
Does 4 divide 1435?
False
Is 322 a multiple of 17?
False
Is 174 a factor of 83211?
False
Is 439 a multiple of 30?
False
Is 42 a factor of 71245?
False
Is 414 a multiple of 12?
False
Is 356 a multiple of 10?
False
Is 2314 a multiple of 7?
False
Is 4286 a multiple of 19?
False
Does 8 divide 23063?
False
Is 3553 a multiple of 35?
False
Is 30558 a multiple of 55?
False
Does 50 divide 500?
True
Does 8 divide 19905?
False
Is 1007 a multiple of 85?
False
Is 49 a factor of 7557?
False
Is 7 a factor of 350?
True
Does 25 divide 15513?
False
Is 319 a multiple of 19?
False
Is 5402 a multiple of 37?
True
Is 69 a factor of 161943?
True
Is 900 a multiple of 60?
True
Does 60 divide 988?
False
Is 9 a factor of 8093?
False
Does 2 divide 54?
True
Does 138 divide 10757?
False
Is 20 a factor of 6100?
True
Is 3 a factor of 1153?
False
Does 38 divide 2859?
False
Is 23307 a multiple of 117?
False
Is 43 a multiple of 14?
False
Is 901 a multiple